{"id":1685891331,"date":"2023-08-14T16:48:38","date_gmt":"2023-08-14T14:48:38","guid":{"rendered":"https:\/\/loutficompany.com\/?post_type=product&#038;p=1685891331"},"modified":"2023-08-14T16:48:38","modified_gmt":"2023-08-14T14:48:38","slug":"https-www-agradocosmetic-com-fr-producto-savon-liquide-mains-fraises-douces-2","status":"publish","type":"product","link":"https:\/\/loutficompany.com\/?product=https-www-agradocosmetic-com-fr-producto-savon-liquide-mains-fraises-douces-2","title":{"rendered":"Savon Liquide Mains Fraises Douces"},"content":{"rendered":"","protected":false},"excerpt":{"rendered":"<p>Se laver les mains avec ce savon si trendy deviendra une addiction ! Il enveloppe vos mains d\u2019un parfum intense et vivifiant \u00e0 la fraise. Sa formule prend soin et prot\u00e8ge vos mains.Test\u00e9 dermatologiquement<\/p>\n","protected":false},"featured_media":1685891207,"template":"","meta":{"site-sidebar-layout":"default","site-content-layout":"","ast-site-content-layout":"","site-content-style":"default","site-sidebar-style":"default","ast-global-header-display":"","ast-banner-title-visibility":"","ast-main-header-display":"","ast-hfb-above-header-display":"","ast-hfb-below-header-display":"","ast-hfb-mobile-header-display":"","site-post-title":"","ast-breadcrumbs-content":"","ast-featured-img":"","footer-sml-layout":"","theme-transparent-header-meta":"","adv-header-id-meta":"","stick-header-meta":"","header-above-stick-meta":"","header-main-stick-meta":"","header-below-stick-meta":"","astra-migrate-meta-layouts":""},"product_cat":[75],"product_tag":[],"_links":{"self":[{"href":"https:\/\/loutficompany.com\/index.php?rest_route=\/wp\/v2\/product\/1685891331"}],"collection":[{"href":"https:\/\/loutficompany.com\/index.php?rest_route=\/wp\/v2\/product"}],"about":[{"href":"https:\/\/loutficompany.com\/index.php?rest_route=\/wp\/v2\/types\/product"}],"wp:featuredmedia":[{"embeddable":true,"href":"https:\/\/loutficompany.com\/index.php?rest_route=\/wp\/v2\/media\/1685891207"}],"wp:attachment":[{"href":"https:\/\/loutficompany.com\/index.php?rest_route=%2Fwp%2Fv2%2Fmedia&parent=1685891331"}],"wp:term":[{"taxonomy":"product_cat","embeddable":true,"href":"https:\/\/loutficompany.com\/index.php?rest_route=%2Fwp%2Fv2%2Fproduct_cat&post=1685891331"},{"taxonomy":"product_tag","embeddable":true,"href":"https:\/\/loutficompany.com\/index.php?rest_route=%2Fwp%2Fv2%2Fproduct_tag&post=1685891331"}],"curies":[{"name":"wp","href":"https:\/\/api.w.org\/{rel}","templated":true}]}}