{"id":1685891327,"date":"2023-08-14T16:48:38","date_gmt":"2023-08-14T14:48:38","guid":{"rendered":"https:\/\/loutficompany.com\/?post_type=product&#038;p=1685891327"},"modified":"2023-08-14T16:48:38","modified_gmt":"2023-08-14T14:48:38","slug":"https-www-agradocosmetic-com-fr-producto-savon-liquide-mains-dermo-zero","status":"publish","type":"product","link":"https:\/\/loutficompany.com\/?product=https-www-agradocosmetic-com-fr-producto-savon-liquide-mains-dermo-zero","title":{"rendered":"Savon liquide mains dermo zero%"},"content":{"rendered":"","protected":false},"excerpt":{"rendered":"<p>Le savon pour les mains Dermo 0\u00a0% AGRADO respecte la peau des mains quel que soit le nombre de lavages quotidiens. Formul\u00e9 sans colorants, sans parab\u00e8ne, sans phtalates ni ph\u00e9noxy\u00e9thanol. Pr\u00e9sent\u00e9 dans un flacon doseur discret mais tr\u00e8s moderne, il aura sa place dans votre salle de bains. Dermatologiquement test\u00e9.<\/p>\n","protected":false},"featured_media":1685891328,"template":"","meta":{"site-sidebar-layout":"default","site-content-layout":"","ast-site-content-layout":"","site-content-style":"default","site-sidebar-style":"default","ast-global-header-display":"","ast-banner-title-visibility":"","ast-main-header-display":"","ast-hfb-above-header-display":"","ast-hfb-below-header-display":"","ast-hfb-mobile-header-display":"","site-post-title":"","ast-breadcrumbs-content":"","ast-featured-img":"","footer-sml-layout":"","theme-transparent-header-meta":"","adv-header-id-meta":"","stick-header-meta":"","header-above-stick-meta":"","header-main-stick-meta":"","header-below-stick-meta":"","astra-migrate-meta-layouts":""},"product_cat":[75],"product_tag":[],"_links":{"self":[{"href":"https:\/\/loutficompany.com\/index.php?rest_route=\/wp\/v2\/product\/1685891327"}],"collection":[{"href":"https:\/\/loutficompany.com\/index.php?rest_route=\/wp\/v2\/product"}],"about":[{"href":"https:\/\/loutficompany.com\/index.php?rest_route=\/wp\/v2\/types\/product"}],"wp:featuredmedia":[{"embeddable":true,"href":"https:\/\/loutficompany.com\/index.php?rest_route=\/wp\/v2\/media\/1685891328"}],"wp:attachment":[{"href":"https:\/\/loutficompany.com\/index.php?rest_route=%2Fwp%2Fv2%2Fmedia&parent=1685891327"}],"wp:term":[{"taxonomy":"product_cat","embeddable":true,"href":"https:\/\/loutficompany.com\/index.php?rest_route=%2Fwp%2Fv2%2Fproduct_cat&post=1685891327"},{"taxonomy":"product_tag","embeddable":true,"href":"https:\/\/loutficompany.com\/index.php?rest_route=%2Fwp%2Fv2%2Fproduct_tag&post=1685891327"}],"curies":[{"name":"wp","href":"https:\/\/api.w.org\/{rel}","templated":true}]}}